 first derivative of m**2/2 + m - 59. Calculate w(b).
2
Let o(u) be the second derivative of 7*u**3/6 - 3*u**2/2 - 10*u. Give o(-5).
-38
Let m be -2 - 88/(-66)*(-6)/(-8). Let d(o) = -2*o**2 + 2*o**2 - o**2. Give d(m).
-1
Suppose p = -k - 2, -3*k - 2*p + 5 = 2*k. Let r(w) = k*w + 3 + 7*w - 6*w. Determine r(-2).
-5
Let p(m) = -17*m - 5. Let n(h) = 9*h + 3. Let d(i) = i - 4. Let s be d(0). Let x(f) = s*p(f) - 7*n(f). Give x(2).
9
Suppose -2*t = -u + 4*u + 91, -3*u = 4*t + 185. Let y = t - -34. Let g = y - -15. Let a(f) = 2*f - 2. What is a(g)?
2
Let i(y) = 5*y**3 + 2*y**2 + 2*y + 1. Let u be 10*(-12)/(-180) - 10/6. Determine i(u).
-4
Suppose -r = -22 + 16. Let b = -2 + r. Let q(i) be the third derivative of -i**5/30 + 5*i**4/24 + 2*i**3/3 + i**2. Calculate q(b).
-8
Let o(y) be the first derivative of -9*y**3 - y**2/2 - 210. Give o(1).
-28
Suppose -m + 9 = 5. Let c(x) = -3 - m*x**2 + 3*x**3 + 2*x**2 + 2*x - 4*x**3 - 5*x. Suppose -3*i - 14*t - 31 = -19*t, 3*t - 15 = 0. Give c(i).
3
Let p(t) be the third derivative of 7*t**2 - 1/24*t**4 + 0*t**5 + 1/6*t**3 + 0 + 0*t - 1/120*t**6. Give p(0).
1
Let u(k) = 2*k**2 + k + 1. Let h = -288 - -286. Give u(h).
7
Let o(c) = -4*c**2 + 11*c - 5. Let g(u) = 15*u**2 - 39*u + 18. Let h(x) = 5*g(x) + 18*o(x). Calculate h(3).
36
Suppose 0 = 4*q - 20, 0*q = -3*p - 5*q + 46. Let m(y) be the second derivative of -y**4/12 + 4*y**3/3 - 3*y**2/2 + 14*y. Give m(p).
4
Let j(t) = 7*t**3 - 5*t**2 - t - 1. Let s(b) = 6*b**3 - 5*b**2 - 2*b. Let r(v) = -5*j(v) + 6*s(v). Suppose -12071 = -13*z - 11993. Determine r(z).
-1
Let w(n) = -n**2 + 3*n + 9. Suppose -43*h + 174 = -14*h. Calculate w(h).
-9
Let w(o) = o + 2. Let y(q) = -2*q - 15. Let x(b) = -w(b) - y(b). Determine x(-15).
-2
Let a(k) = 2*k + 2. Let c(s) = -s**3 - 7*s**2 - 8*s + 7. Let i be c(-5). What is a(i)?
-4
Let j(t) = -4*t**2 + 103*t + 30. Let o be j(26). Let g(a) = -a**3 + 5*a**2 - 6*a + 7. Calculate g(o).
-1
Suppose h + 132 = 13*h. Let m(x) = -x**3 + 11*x**2 - x + 15. Give m(h).
4
Let a(g) = -7*g - 6. Let l(b) = -b**2 + 15*b - 55. Let f be l(10). Determine a(f).
29
Let i(g) = 0 + 1 - 89*g**2 + 87*g**2 + 10*g**3. Suppose 4*n = -4*h - 4, -4 = 2*n - h + 4. Let r be (-3 - 16/(-6))*n. Calculate i(r).
9
Suppose b = 1 + 17. Let h be 1/(-3) + (-66)/b. Let s(j) = -4*j - 17 + 3*j + 8. Determine s(h).
-5
Let y(x) = x**2 - 61*x + 557. Let w be y(50). Let v(a) = 5*a**2 - 4*a**2 - a**3 + 5*a**2 + 7*a - 4. Determine v(w).
-4
Let m = 315 + -21. Let r be ((-2)/(-3))/(28/m). Let p(s) = 2*s - s - 5 - 9. What is p(r)?
-7
Let k(s) = -s**2 + 7*s + 12. Let d be k(9). Let x be (-1)/(-3)*(-9)/(-1). Let p(r) = 2*r + 3 - 4*r + x*r. What is p(d)?
-3
Let x(z) = -2*z - 23. Suppose -456 = 54*n + 84. Give x(n).
-3
Let h(x) = x + 1. Let g(z) = 7*z - 2. Let q be g(2). Suppose 3*m = -0*m + q. Let n(a) = -a**2 + 5*a - 4. Let j be n(m). Determine h(j).
1
Let f be (4 + -3)/(0 + 1)*4. Suppose 0 = -f*r - 4*y - 32, -3*y - 15 = 5*r - 3*r. Let a(o) = -o**3 - 10*o**2 - 9*o - 7. Calculate a(r).
-7
Let z(c) = 8*c - 3. Let n be (-45)/30 - -4 - (-1)/2. Determine z(n).
21
Suppose 86*w - 54 = 80*w. Let q(k) = 2*k + 4. What is q(w)?
22
Let g be 6/(-9)*-6 + -7. Let j(s) = s**2 - 5. Let l be j(g). Let d(h) = -h. Calculate d(l).
-4
Let t(b) = -b + 11. Let i be t(11). Suppose -2*q - 3*u = -0*u - 47, -3*q + 5*u + 23 = i. Suppose 5*j = 9*j + q. Let f(r) = r + 4. What is f(j)?
0
Let g(u) = -1. Let i(f) = f**3 - 4*f**2 - 5*f + 8. Let d(a) = 3*g(a) + i(a). Determine d(5).
5
Let v(u) be the third derivative of u**6/240 - u**5/40 + 29*u**4/24 - 11*u**2. Let m(k) be the second derivative of v(k). Give m(4).
9
Let f(p) = -p**2 + 5*p - 7. Let b be (8/8 + -1*3)*-2. Determine f(b).
-3
Let l be ((-19)/(-38))/((-4 + 2)/(-4)). Let s(o) = 4*o**2 + 2*o - 2. Give s(l).
4
Suppose 6*h + 5 = 23. Let d(p) = -2*p**2 + p + 3. Give d(h).
-12
Let u = -14 - -11. Let v = u - -6. Suppose v*r + 2 = 8. Let m(b) = 3*b - 3. Determine m(r).
3
Suppose -4*m + 5*z - 25 = m, 4 = 2*m + 5*z. Let d(x) be the first derivative of 1/2*x**2 + 3*x - 2. Calculate d(m).
0
Let t(u) = -6*u. Suppose -11*f - 126 = -2*f. Suppose -3*s = -4*s + 13. Let d = s + f. What is t(d)?
6
Let w(d) = 0*d - 2*d - 6*d**2 + d**2. Let q = -6 + 8. Let z(t) = 20*t**2 + 7*t - 1. Let f(y) = q*z(y) + 9*w(y). What is f(-2)?
-14
Let x(p) = 1 + 2*p - 3 - 1 + 4 + 3*p**2 + 2*p**3. Let q = -10 + 8. Determine x(q).
-7
Let g(b) = 5*b**2 + 5*b + 8. Let o(l) = 6*l**2 + 5*l + 9. Let n(m) = -5*g(m) + 4*o(m). Let u(s) = -6*s**2 - s - 1. Let a be u(-1). Let p be a/4*16/6. Give n(p).
0
Let a(l) = l + 6. Let i(k) = -7. Let r(q) = -4. Let f(p) = 3*i(p) - 5*r(p). Let s(o) = a(o) + 4*f(o). Calculate s(-2).
0
Let i(f) = -f - 21. Let p be 0/((-9)/(-81)*9). Determine i(p).
-21
Let g(b) be the second derivative of -3*b**3/2 - 5*b**2/2 - 2*b + 24. Determine g(-3).
22
Suppose -4*n = -3*n + b, -2*n + 5*b = -35. Let w(h) = -h**2 + 8*h - 5. Let i(p) = 2*p**2 - 15*p + 10. Let y(q) = -3*i(q) - 5*w(q). What is y(n)?
-5
Suppose -3*r - 6 = -2*t + 10, 5*t = 5*r + 30. Let j be (-3 + t)/(4/8). Let i(a) = -a**2 - 1 + 2*a**2 - 2*a - 2*a**2. Give i(j).
-1
Let t = -498 - -502. Let o(v) be the second derivative of -v**7/2520 + v**6/144 - v**5/40 - v**4/12 - v. Let w(m) be the third derivative of o(m). Give w(t).
1
Suppose 11*s - 5*s = 0. Suppose s*o = p + 3*o - 2, -p - 5*o = 0. Let h(z) = 0*z - z**3 + 5*z**2 - 2*z + 9 - 3. What is h(p)?
-4
Suppose 0 = -886*g + 883*g + 9. Let m(o) be the first derivative of -o + 1/3*o**g + 0*o**2 - 9. Calculate m(1).
0
Let h be (-3)/8 + 22*10/160. Let k(y) = 43*y - 1. What is k(h)?
42
Suppose -o = 5*y - 2*o - 129, y - 24 = 2*o. Let s = 29 - y. Let n(j) = -j**2 + 4*j + 1. Let f be n(s). Let h(u) = u**3 - 3*u**2 - 4*u - 5. What is h(f)?
-5
Let i = 27 + -45. Let r = 17 + i. Let v(d) = -3*d**2 + 2*d + 1. What is v(r)?
-4
Let j(o) be the second derivative of o**4/4 - 2*o**2 - 42*o - 5. Calculate j(2).
8
Let m(y) = y + 7. Let p be m(1). Let g(r) = r**2 - 4 - 7*r + 11*r - p*r. Calculate g(6).
8
Suppose -16*r - 1 = -17*r. Let m(l) = -2 + 28*l + 0 - 23*l. Give m(r).
3
Let f(j) = -5*j**3 - 7*j**2 + 9*j + 23. Let z(n) be the first derivative of -3*n**4/4 - n**3 + 5*n**2/2 + 12*n - 1. Let m(i) = -4*f(i) + 7*z(i). Determine m(6).
22
Let i(j) = -j**3 + 12*j**2 + 28*j - 1. Let u = 425 + -411. What is i(u)?
-1
Let d(i) = 4*i - 10. Let z(k) = 2*k**2 + 51*k + 211. Let l be z(-5). What is d(l)?
14
Let b(j) = 5*j**3 - 10*j**2 + 7*j. Let y(m) be the first derivative of 3*m**4/2 - 11*m**3/3 + 4*m**2 - 4. Let h(d) = -7*b(d) + 6*y(d). Calculate h(-2).
10
Let x be 11/3*(-9)/(0 - -3). Let k be (x + 3)/(-2 + 3). Let m(t) = t**2 + 10*t + 11. Determine m(k).
-5
Let f(u) be the first derivative of 0*u - 1/4*u**4 - u**3 + 1/2*u**2 - 4. Calculate f(-4).
12
Let r(s) = 380*s + 3 - s**3 - 4*s**2 - 380*s - 5. Let j(u) = -u**3 - 6*u**2 + 8*u + 4. Let h be j(-7). Determine r(h).
-11
Suppose 8*h - 16*h = -h + 21. Let t(p) = -p**2 - 2*p + p**2 + p**2. Determine t(h).
15
Let w be 6/4*(64/12 - 2). Suppose 2*a - a - 2 = 0, w*i = -5*a - 5. Let c(f) = 2 + 0 - 5 + 3*f + f**2. Determine c(i).
-3
Let u(w) = w**2 + 9*w + 6. Let v be (-2)/12 - (7 - (-40)/48). Calculate u(v).
-2
Let h(b) = -2*b**3 + b**2 + 2*b + 1. Suppose l = 3*d - 8, -2*d - 2 = -3*l - 6*d. Calculate h(l).
17
Let k(t) = t**3 + t + 5*t + 7*t**2 - t. Suppose -7*d + 6*d = 3. Let q be -3 + d + (-1 + 1)/2. Determine k(q).
6
Let j(q) = -6*q**2 + 3*q**2 + 36 + 4*q**2 + 13*q - 34. Determine j(-13).
2
Let o be (2/4)/((-1)/(-2)). Let h be (o + -4)/(3/2). Let q(l) = -2*l**3 + l**2 - l + 1. Calculate q(h).
23
Let h(o) be the first derivative of -o**6/360 + o**5/20 - o**4/24 - 13*o**3/3 + 2. Let p(i) be the third derivative of h(i). Determine p(4).
7
Suppose -4*p + 4 = 2*y + 2, -2*p = 5*y - 5. Let w = p + -2. Let h be 1 - w - (0 + 2). Let o(t) = 4*t**2 + 1. What is o(h)?
5
Let u(j) be the second derivative of -j**5/20 + j**4/3 + 2*j**3/3 - j**2/2 - 124*j. Let g = 30 + -10. Suppose 4*i + 0*i - g = 0. Give u(i).
-6
Suppose -112 = 3*m - 7*m - 3*z, m + 4*z = 28. Suppose 0 = l + 2*l - 4*k - m, -5*k = 5*l. Let i(u) = u**2 - 2*u - 3. Give i(l).
5
Let f(u) = -2*u**3 - 5*u**2 - 5*u - 1. Let r be f(-2). Let h(n) = -6*n + n - 5 + r*n + n**2 + 6*n. What is h(-5)?
-10
Let d(v) be the third derivative of -v